{"id":4570,"date":"2022-03-31T19:34:38","date_gmt":"2022-03-31T17:34:38","guid":{"rendered":"https:\/\/eimuth.de\/?page_id=4570"},"modified":"2023-05-31T06:07:27","modified_gmt":"2023-05-31T04:07:27","slug":"podcast-conny-kurt","status":"publish","type":"page","link":"https:\/\/eimuth.de\/?page_id=4570","title":{"rendered":"Podcast: Conny &#038; Kurt"},"content":{"rendered":"\n<p>Hier findet Ihr unseren w\u00f6chentlichen <a href=\"https:\/\/www.conny-kurt.de\/\">Podcast &#8222;Conny und Kurt &#8211; Zwischen Himmel und Erde&#8220;.<\/a><\/p>\n\n\n\n<div data-wp-interactive=\"core\/file\" class=\"wp-block-file\"><object data-wp-bind--hidden=\"!state.hasPdfPreview\" hidden class=\"wp-block-file__embed\" data=\"https:\/\/eimuth.de\/wp-content\/uploads\/2023\/05\/220731-Podcast-Ev-Zeitung-fuer-SH.pdf\" type=\"application\/pdf\" style=\"width:100%;height:600px\" aria-label=\"Einbettung von 220731-Podcast-Ev-Zeitung-fuer-SH.\"><\/object><a id=\"wp-block-file--media-99cea5fd-4c01-4854-8d16-62b21b017950\" href=\"https:\/\/eimuth.de\/wp-content\/uploads\/2023\/05\/220731-Podcast-Ev-Zeitung-fuer-SH.pdf\">220731-Podcast-Ev-Zeitung-fuer-SH<\/a><a href=\"https:\/\/eimuth.de\/wp-content\/uploads\/2023\/05\/220731-Podcast-Ev-Zeitung-fuer-SH.pdf\" class=\"wp-block-file__button wp-element-button\" download aria-describedby=\"wp-block-file--media-99cea5fd-4c01-4854-8d16-62b21b017950\">Herunterladen<\/a><\/div>\n\n\n\n<div class=\"wp-block-file\"><a id=\"wp-block-file--media-76686447-c059-4767-b663-33d57f49bc31\" href=\"https:\/\/eimuth.de\/wp-content\/uploads\/2023\/05\/221206-evangelisch.de-ueber-den-Podcast.jpg\">221206-evangelisch.de-ueber-den-Podcast<\/a><a href=\"https:\/\/eimuth.de\/wp-content\/uploads\/2023\/05\/221206-evangelisch.de-ueber-den-Podcast.jpg\" class=\"wp-block-file__button wp-element-button\" download aria-describedby=\"wp-block-file--media-76686447-c059-4767-b663-33d57f49bc31\">Herunterladen<\/a><\/div>\n\n\n\n<div class=\"wp-block-file\"><a id=\"wp-block-file--media-145bbee0-6443-470a-adf3-e891fbf02eec\" href=\"https:\/\/eimuth.de\/wp-content\/uploads\/2022\/03\/220331-Conny-und-Kurt-Frieden-1.mp3\">220331-Conny-und-Kurt-Frieden-1<\/a><a href=\"https:\/\/eimuth.de\/wp-content\/uploads\/2022\/03\/220331-Conny-und-Kurt-Frieden-1.mp3\" class=\"wp-block-file__button wp-element-button\" download aria-describedby=\"wp-block-file--media-145bbee0-6443-470a-adf3-e891fbf02eec\">Herunterladen<\/a><\/div>\n\n\n\n<p>Auch bei und geht es am 31. M\u00e4rz 2022 um Krieg und Frieden, um Angst, um Frieden schaffen ohne Waffen und ob man wirklich 100 Milliarden f\u00fcr R\u00fcstung braucht.<\/p>\n\n\n\n<div class=\"wp-block-file\"><a id=\"wp-block-file--media-8bc144d5-4071-46e5-962c-bd2d71b35bb9\" href=\"https:\/\/eimuth.de\/wp-content\/uploads\/2022\/04\/220407-Gesundheitswesen.mp3\">220407-Gesundheitswesen<\/a><a href=\"https:\/\/eimuth.de\/wp-content\/uploads\/2022\/04\/220407-Gesundheitswesen.mp3\" class=\"wp-block-file__button wp-element-button\" download aria-describedby=\"wp-block-file--media-8bc144d5-4071-46e5-962c-bd2d71b35bb9\">Herunterladen<\/a><\/div>\n\n\n\n<figure class=\"wp-block-image size-large\"><a href=\"https:\/\/eimuth.de\/wp-content\/uploads\/2022\/04\/Gesundheit.jpg\"><img loading=\"lazy\" decoding=\"async\" width=\"1024\" height=\"305\" src=\"https:\/\/eimuth.de\/wp-content\/uploads\/2022\/04\/Gesundheit-1024x305.jpg\" alt=\"\" class=\"wp-image-4598\" srcset=\"https:\/\/eimuth.de\/wp-content\/uploads\/2022\/04\/Gesundheit-1024x305.jpg 1024w, https:\/\/eimuth.de\/wp-content\/uploads\/2022\/04\/Gesundheit-300x89.jpg 300w, https:\/\/eimuth.de\/wp-content\/uploads\/2022\/04\/Gesundheit-768x229.jpg 768w, https:\/\/eimuth.de\/wp-content\/uploads\/2022\/04\/Gesundheit-1536x458.jpg 1536w, https:\/\/eimuth.de\/wp-content\/uploads\/2022\/04\/Gesundheit.jpg 1539w\" sizes=\"auto, (max-width: 1024px) 100vw, 1024px\" \/><\/a><\/figure>\n\n\n\n<p>Die Impfpflicht scheiterte im Bundestag und damit ein Vorhaben von Gesundheitsminister Karl Lauterbach. Doch, so meinen wir, die Aufgaben des klugen Professors sind viel, viel gr\u00f6\u00dfer. Privatisierung, Konzentration und die Herausforderung der Pflege diskutieren wir. Immerhin werden hier \u00fcber 500 Milliarden Euro und damit 13 Protent des BIP umgesetzt. Diese Herkulesaufgabe konnte bisher niemand schultern.<\/p>\n","protected":false},"excerpt":{"rendered":"<p>Hier findet Ihr unseren w\u00f6chentlichen Podcast &#8222;Conny und Kurt &#8211; Zwischen Himmel und Erde&#8220;. Auch bei und geht es am 31. M\u00e4rz 2022 um Krieg und Frieden, um Angst, um Frieden schaffen ohne Waffen und ob man wirklich 100 Milliarden f\u00fcr R\u00fcstung braucht. Die Impfpflicht<\/p>\n","protected":false},"author":1,"featured_media":0,"parent":0,"menu_order":0,"comment_status":"closed","ping_status":"closed","template":"","meta":{"footnotes":""},"class_list":["post-4570","page","type-page","status-publish","hentry"],"_links":{"self":[{"href":"https:\/\/eimuth.de\/index.php?rest_route=\/wp\/v2\/pages\/4570","targetHints":{"allow":["GET"]}}],"collection":[{"href":"https:\/\/eimuth.de\/index.php?rest_route=\/wp\/v2\/pages"}],"about":[{"href":"https:\/\/eimuth.de\/index.php?rest_route=\/wp\/v2\/types\/page"}],"author":[{"embeddable":true,"href":"https:\/\/eimuth.de\/index.php?rest_route=\/wp\/v2\/users\/1"}],"replies":[{"embeddable":true,"href":"https:\/\/eimuth.de\/index.php?rest_route=%2Fwp%2Fv2%2Fcomments&post=4570"}],"version-history":[{"count":10,"href":"https:\/\/eimuth.de\/index.php?rest_route=\/wp\/v2\/pages\/4570\/revisions"}],"predecessor-version":[{"id":5110,"href":"https:\/\/eimuth.de\/index.php?rest_route=\/wp\/v2\/pages\/4570\/revisions\/5110"}],"wp:attachment":[{"href":"https:\/\/eimuth.de\/index.php?rest_route=%2Fwp%2Fv2%2Fmedia&parent=4570"}],"curies":[{"name":"wp","href":"https:\/\/api.w.org\/{rel}","templated":true}]}}

<p>Hier findet Ihr unseren wöchentlichen <a href="https://www.conny-kurt.de/">Podcast &#8222;Conny und Kurt &#8211; Zwischen Himmel und Erde&#8220;.</a></p>



<div data-wp-interactive="core/file" class="wp-block-file"><object data-wp-bind--hidden="!state.hasPdfPreview" hidden class="wp-block-file__embed" data="https://eimuth.de/wp-content/uploads/2023/05/220731-Podcast-Ev-Zeitung-fuer-SH.pdf" type="application/pdf" style="width:100%;height:600px" aria-label="Einbettung von 220731-Podcast-Ev-Zeitung-fuer-SH."></object><a id="wp-block-file--media-99cea5fd-4c01-4854-8d16-62b21b017950" href="https://eimuth.de/wp-content/uploads/2023/05/220731-Podcast-Ev-Zeitung-fuer-SH.pdf">220731-Podcast-Ev-Zeitung-fuer-SH</a><a href="https://eimuth.de/wp-content/uploads/2023/05/220731-Podcast-Ev-Zeitung-fuer-SH.pdf" class="wp-block-file__button wp-element-button" download aria-describedby="wp-block-file--media-99cea5fd-4c01-4854-8d16-62b21b017950">Herunterladen</a></div>



<div class="wp-block-file"><a id="wp-block-file--media-76686447-c059-4767-b663-33d57f49bc31" href="https://eimuth.de/wp-content/uploads/2023/05/221206-evangelisch.de-ueber-den-Podcast.jpg">221206-evangelisch.de-ueber-den-Podcast</a><a href="https://eimuth.de/wp-content/uploads/2023/05/221206-evangelisch.de-ueber-den-Podcast.jpg" class="wp-block-file__button wp-element-button" download aria-describedby="wp-block-file--media-76686447-c059-4767-b663-33d57f49bc31">Herunterladen</a></div>



<div class="wp-block-file"><a id="wp-block-file--media-145bbee0-6443-470a-adf3-e891fbf02eec" href="https://eimuth.de/wp-content/uploads/2022/03/220331-Conny-und-Kurt-Frieden-1.mp3">220331-Conny-und-Kurt-Frieden-1</a><a href="https://eimuth.de/wp-content/uploads/2022/03/220331-Conny-und-Kurt-Frieden-1.mp3" class="wp-block-file__button wp-element-button" download aria-describedby="wp-block-file--media-145bbee0-6443-470a-adf3-e891fbf02eec">Herunterladen</a></div>



<p>Auch bei und geht es am 31. März 2022 um Krieg und Frieden, um Angst, um Frieden schaffen ohne Waffen und ob man wirklich 100 Milliarden für Rüstung braucht.</p>



<div class="wp-block-file"><a id="wp-block-file--media-8bc144d5-4071-46e5-962c-bd2d71b35bb9" href="https://eimuth.de/wp-content/uploads/2022/04/220407-Gesundheitswesen.mp3">220407-Gesundheitswesen</a><a href="https://eimuth.de/wp-content/uploads/2022/04/220407-Gesundheitswesen.mp3" class="wp-block-file__button wp-element-button" download aria-describedby="wp-block-file--media-8bc144d5-4071-46e5-962c-bd2d71b35bb9">Herunterladen</a></div>



<figure class="wp-block-image size-large"><a href="https://eimuth.de/wp-content/uploads/2022/04/Gesundheit.jpg"><img loading="lazy" decoding="async" width="1024" height="305" src="https://eimuth.de/wp-content/uploads/2022/04/Gesundheit-1024x305.jpg" alt="" class="wp-image-4598" srcset="https://eimuth.de/wp-content/uploads/2022/04/Gesundheit-1024x305.jpg 1024w, https://eimuth.de/wp-content/uploads/2022/04/Gesundheit-300x89.jpg 300w, https://eimuth.de/wp-content/uploads/2022/04/Gesundheit-768x229.jpg 768w, https://eimuth.de/wp-content/uploads/2022/04/Gesundheit-1536x458.jpg 1536w, https://eimuth.de/wp-content/uploads/2022/04/Gesundheit.jpg 1539w" sizes="auto, (max-width: 1024px) 100vw, 1024px" /></a></figure>



<p>Die Impfpflicht scheiterte im Bundestag und damit ein Vorhaben von Gesundheitsminister Karl Lauterbach. Doch, so meinen wir, die Aufgaben des klugen Professors sind viel, viel größer. Privatisierung, Konzentration und die Herausforderung der Pflege diskutieren wir. Immerhin werden hier über 500 Milliarden Euro und damit 13 Protent des BIP umgesetzt. Diese Herkulesaufgabe konnte bisher niemand schultern.</p>

<p>Hier findet Ihr unseren wöchentlichen Podcast &#8222;Conny und Kurt &#8211; Zwischen Himmel und Erde&#8220;. Auch bei und geht es am 31. März 2022 um Krieg und Frieden, um Angst, um Frieden schaffen ohne Waffen und ob man wirklich 100 Milliarden für Rüstung braucht. Die Impfpflicht</p>
